40. Calculate the remainder when t is divided by 46.
22
Let q(u) = u**2 - 2*u + 4. Let f be q(3). Suppose -f*w + 69 = -225. What is the remainder when w is divided by 15?
12
Let i(x) = -66*x**3 - x**2 - 2*x - 1. Let g = -7 + 4. Let q = g + 20. What is the remainder when i(-1) is divided by q?
15
Let k(j) = -j**3 + 4*j**2 + 4*j + 5. Let b be k(5). Let t be 35/(-14) + 2 - (-38)/4. Suppose n + b*n = t. What is the remainder when n is divided by 6?
3
Let k(w) be the second derivative of 0 - 5*w - 1/2*w**2 - 28/3*w**3. Calculate the remainder when k(-1) is divided by 28.
27
Let n(a) = -a**3 + 11*a**2 - 23*a - 3. What is the remainder when 22 is divided by n(8)?
2
Let x(f) = 8*f + 2. Let t be x(-2). Calculate the remainder when 31 is divided by (-4)/t - (-750)/70.
9
Let n = -39 - -96. What is the remainder when 169 is divided by n?
55
Let z(s) = 3*s**2 + 3*s. Let i be z(-4). Suppose -3*w = -u - 2*u + 6, 3*w + i = -3*u. Calculate the remainder when 19 is divided by w/((-3 - -1)/2).
5
Suppose -4*j + c + 2*c = 126, 5*j + 5*c = -140. What is the remainder when (-6)/10 + (-1278)/j is divided by 11?
9
Suppose 2*h - 347 = -27. Let b = -139 + h. What is the remainder when b is divided by 11?
10
Let f = -269 - -296. What is the remainder when 33 is divided by f?
6
Suppose -24*p + 27*p - 372 = 0. Suppose 20 = 5*u - 105. Calculate the remainder when p is divided by u.
24
Suppose j + 15 = s, 5*j - 3 = -8. Suppose s*i - 169 + 29 = 0. Calculate the remainder when 67 is divided by i.
7
Suppose 17 + 23 = -4*l. What is the remainder when (-16)/l*75/6 is divided by (0 - 1)/((-1)/7)?
6
Let r = -365 - -377. What is the remainder when 67 is divided by r?
7
What is the remainder when 4/(-8)*(0 + -308) + 3 is divided by 36?
13
Let q = -629 + 636. Let z = 20 - 9. What is the remainder when z is divided by q?
4
Let s(u) = u**2 + 9*u + 8. Let c be s(-9). What is the remainder when 271 is divided by (156/c)/((-3)/(-6))?
37
Let f = 849 - 427. What is the remainder when f is divided by 71?
67
Let q = -6 - -13. Let i = -5 - 8. Let a = i - -16. Calculate the remainder when q is divided by a.
1
Suppose 0 = -0*t - 5*t + 20. Suppose t*o - x - 39 = 0, 2*o - 3*o - 9 = -4*x. Calculate the remainder when 55 + (-1)/(-1) + -2 is divided by o.
10
Let c = 10 + -8. Suppose -v = -c - 9. What is the remainder when v is divided by 3?
2
Let q(b) = -32*b**3 - 10 - 2*b**2 - 2*b + 3 + 6. What is the remainder when q(-1) is divided by 8?
7
Suppose 2*r = -4*b + 872, 0 = 5*b - 5*r - 410 - 695. What is the remainder when b is divided by 22?
21
Suppose 2*y = -7*y + 17136. Suppose -y = 11*f - 18*f. Calculate the remainder when f is divided by 39.
38
Suppose -6*w + w = -5*m - 10, -32 = -4*m - 4*w. Let z be 172/10 - m/15. Suppose s = -2 + z. What is the remainder when 43 is divided by s?
13
Let u(v) = v**2 + v + 17. Suppose -k - 3*s = 12, -3*k + 6*k + 2*s = -8. Suppose 5*w = -47 + 377. What is the remainder when w is divided by u(k)?
15
Suppose 4*g + 2 = 94. Let n(o) = o**3 - 11*o**2 - 2*o + 8. Let z be n(11). What is the remainder when -1*(-13)/(-2)*z is divided by g?
22
Suppose -4*f - 3 = 21. Suppose -5*q = -20, -3*b + 104 = 2*q - 0*q. Calculate the remainder when b is divided by 3/9 + (-64)/f.
10
Let p be 9/(-12) + 333/12. Let q = p - -14. Calculate the remainder when q is divided by 21.
20
Let n(q) be the first derivative of q**4/4 + 2*q**3 + q**2/2 + 7*q + 30. Suppose -4*r + r = -276. Calculate the remainder when r is divided by n(-3).
30
Suppose 2*m - p - 19 = m, 145 = 5*m + 5*p. Suppose 6*k = 338 + 220. Calculate the remainder when k is divided by m.
21
Let t = 394 - 226. Calculate the remainder when 14 is divided by (-3)/5 + t/30.
4
Suppose 3*w - 21 = 3. Suppose w = -2*n + 5*f, -4*f = -n - 3*n + 8. Calculate the remainder when 13 is divided by n.
1
Let j(g) = 11*g + 265. Calculate the remainder when 163 is divided by j(-18).
29
Suppose 0 = -b - b. Suppose b = -5*m + 4*c - c + 178, c + 36 = m. Suppose -j - 23 = 4*y - 98, 2*j = -2*y + 42. What is the remainder when m is divided by y?
17
Let m be 23 + (1 - (0/(-1) - 1)). Suppose -4*f + 5*f - 2*b - m = 0, 4*f + b = 91. Calculate the remainder when f is divided by 6.
5
Let l(t) = t**3 + 9*t**2 - 11*t + 7. Suppose 0 = -j + p + 5, -4*j = -p - 3 - 2. Let a(f) = -f + 32. Calculate the remainder when a(j) is divided by l(-10).
15
Suppose -5*l - 4*a + 138 - 49 = 0, -4*a = -l + 13. Let w = 33 - l. Calculate the remainder when (2 - 3)*-1*28 is divided by w.
12
Suppose c + 3*v = 0, -2*c + 5*v + 60 = 3*c. Let h(k) = k**2 - k - 1. Calculate the remainder when c is divided by h(-1).
0
Let q be (32/6)/(3 - (-35)/(-15)). Let w(y) = y**3 - 7*y**2 - 4*y - 7. Suppose 0*c = 5*c - 45. What is the remainder when w(q) is divided by c?
7
Suppose 2*v + 6 = 4*v. Suppose 4*y - 4*i - 3 = 17, -4*y + 23 = -v*i. Let s = y - -5. What is the remainder when s is divided by 8?
5
Suppose -74*x + 118 = -72*x. Suppose -l - 2*a - x = -4*l, a - 18 = -l. Calculate the remainder when l is divided by 12.
7
Let x be ((-42)/(-56))/(-1 - 10/(-8)). Suppose -5*d + x*g = -g - 80, -4*d + 90 = 2*g. Calculate the remainder when 75 is divided by d.
15
Suppose -k = 1, h + 2*k + 4 + 16 = 0. Let q = h - -12. Let a(v) = -v**2 - 8*v - 9. What is the remainder when 5 is divided by a(q)?
2
Let z(c) = 46*c**2 + 9*c - 3. Let i(g) = -31*g**2 - 6*g + 2. Let r(h) = -8*i(h) - 5*z(h). What is the remainder when r(2) is divided by 26?
25
Suppose -44*d + 6923 = 2391. Let m = 49 - 28. What is the remainder when d is divided by m?
19
Let v(t) = -7*t + 1. Let p be ((-41)/2)/(13/(-26)). Suppose -4*o = 3*k - 6*k + p, 0 = 2*o - 2. What is the remainder when v(-6) is divided by k?
13
Let o be -71 + (-4 - (-3 - 0)). What is the remainder when 124 is divided by (18/(-4))/(o/672)?
40
Suppose -166 = 16*o - 18*o. Calculate the remainder when o is divided by 4.
3
Let c = 38 - 8. What is the remainder when 104 is divided by c?
14
What is the remainder when (-1176)/10*(-3 - (-17)/34) is divided by 4?
2
Let a = -243 + 280. What is the remainder when 550 is divided by a?
32
Calculate the remainder when 363 is divided by ((-65)/26)/((-5)/8).
3
Let p(w) = 2*w**2 - 9*w + 1. Let v be p(7). Suppose -2*d + v = 4*d. Calculate the remainder when d is divided by 5.
1
Let i = 22 + -54. Let m = i + 71. What is the remainder when m is divided by 10?
9
Suppose 0 = -53*b + 44*b + 1044. What is the remainder when b is divided by 20?
16
Let o be -6*-6*(-2)/9. Let l = -7 - o. What is the remainder when 8 - (1 - (-1 - l)) is divided by 4?
1
Let r be (-1392)/(-88) + (-2)/(-11). Suppose -21*t = -r*t - 185. Calculate the remainder when t is divided by 21.
16
What is the remainder when 88104/45 - (-148)/1110 is divided by 140?
138
Let j(n) = 67*n + 571. What is the remainder when j(-7) is divided by 22?
14
Let l(v) = -8*v + 39. Let f(a) = -a + 1 - 1 + 23*a**2. What is the remainder when l(-4) is divided by f(-1)?
23
Let v = -3579 + 3604. Suppose 4*o = 236 - 48. What is the remainder when o is divided by v?
22
Suppose -7*v + 3*w - 8149 = -12*v, -v = w - 1629. What is the remainder when v is divided by 32?
31
Suppose -4*b = -14 - 122. What is the remainder when b is divided by 9?
7
Let l = 38 - 42. Calculate the remainder when 1/((-2)/l*20/1370) is divided by 46.
45
Suppose 12*n = 25*n - 546. Let t = 5 + n. What is the remainder when t is divided by 5?
2
Suppose -2*b + 13*b - 22 = 0. Suppose 13 + 25 = u + 4*p, 128 = 3*u - b*p. What is the remainder when u is divided by 15?
12
What is the remainder when ((-14)/(-3))/(72/1188) is divided by 13?
12
Let z = -57 - -105. Suppose 6*q + z = 9*q. What is the remainder when 78 is divided by q?
14
Let d be (-1 + 2)*2/2. Suppose -2*n = v - 13 - 38, -v = -d. Suppose -314 = -7*f + 22. What is the remainder when f is divided by n?
23
Suppose 5*o + 20 = 2*d + 3*o, 0 = -5*d + 2*o + 41. Calculate the remainder when 702/(12 + 1) + -2 is divided by d.
3
Suppose -5*f = 3*v + 292, 0 = -5*f + 5*v - 137 - 123. Let o = 23 - f. What is the remainder when o is divided by 27?
25
Let l(p) = p - 53. Let w(g) = 2*g - 54. Let s(i) = -5*l(i) + 4*w(i). Calculate the remainder when s(0) is divided by 17.
15
Let h = 26 - -5. Calculate the remainder when 185 is divided by h.
30
Suppose -4*q + 29 - 9 = 0. Suppose q*p = -0*p. Suppose p = 3*d 